 tens digit of a?
6
Suppose 3*i = -3*j + 17601, -3*j - 5*i + 12779 + 4828 = 0. What is the tens digit of j?
6
Suppose -17*v - 4*f = -19*v + 532, -3*f = -4*v + 1044. What is the hundreds digit of v?
2
Let g(z) = z**3 - 25*z**2 - 47*z - 22. What is the hundreds digit of g(28)?
0
Let j be (-8)/(-3) - 8/12. Suppose 52 = -j*d + 20. What is the units digit of (-20)/(-9) - d/(-72)?
2
Let o(x) be the second derivative of x**4/6 - 11*x**3/6 + 17*x**2/2 - 58*x. What is the tens digit of o(7)?
3
Suppose 0*z + 240 = 2*z. Let c be 1 - (z/4 - -3). Let l = 53 + c. What is the tens digit of l?
2
Suppose 0 = k - 2*q - 4046, 5*k - 12133 = 2*k + 5*q. What is the thousands digit of k?
4
Suppose 1117*b + 2218 = 1118*b. What is the thousands digit of b?
2
Suppose -4*u - o + 1622 = 0, u + 3*u - 1630 = 3*o. What is the hundreds digit of u?
4
Suppose 0 = -8*f + 13*f - 15. Suppose 4*t - 5*r = -25, 15 = -0*t + 3*t + f*r. Suppose -a - 6 = 2*l - 22, 5*a - 5*l - 125 = t. What is the units digit of a?
2
Suppose 43 = -5*g - 3*j + 9, 0 = 4*g + 2*j + 28. Let p be (-178)/g - (-1)/(-4). Suppose 0 = -3*r + 5*w + 67, 2*w = 3*r - 2*r - p. What is the tens digit of r?
2
What is the tens digit of (19/38)/((-2)/(-584))?
4
Let g(o) = -5*o + 4. Let x be g(4). What is the tens digit of x*(-6 - (-4 + 0))?
3
Suppose -4*h - 3*f = -1949, -5*f + 374 = 3*h - 1074. What is the hundreds digit of h?
4
Let d = -1688 - -2622. What is the units digit of d?
4
Let x be 12/78 + 2/(-13). Suppose x = -4*r + r + 588. Suppose 0 = -5*m - 1 + r. What is the tens digit of m?
3
Let b = -8 - -15. Let n be (-7)/((-98)/4)*b. Suppose 6 = 3*o - 2*a, n*a + 8 = 4*o - 0*a. What is the units digit of o?
2
Let k be 0 + 1 + -7 + 3 - -3. Suppose -v + 7*g - 2*g + 64 = k, 5*g + 232 = 3*v. What is the tens digit of v?
8
Let y(i) = i**3 + 3*i**2 + 17*i + 8. What is the units digit of y(7)?
7
Suppose -8*q + 2479 = -561. What is the hundreds digit of q?
3
Let u be 3 + -1 + 8 + -2. Suppose -28 = v - u. What is the units digit of 570/v*8/(-6)?
8
Let t(k) = -k**2 + 68*k + 10. What is the tens digit of t(40)?
3
Let b be 8/(-3)*252/(-112). Let n = -1 + 2. Suppose b + n = f. What is the units digit of f?
7
Let m = -11 - 1. Suppose p - 20 + 48 = 0. What is the units digit of p/(-3) + 4/m?
9
Let h be (-1)/(-2 - (-1308)/656). Suppose -c = -3*o + h, -9*o + 2*c + 272 = -4*o. What is the tens digit of o?
5
Suppose 0 = 4*y - 20 - 12. Suppose 2*k = 1 - 3, y = 4*q - 4*k. What is the units digit of (-3 + q/2)*-10?
5
Suppose 0 = -3*y + 2*f + 211, 197 = 2*y - f + 55. Suppose 0 = -5*j + 232 + y. Let w = -21 + j. What is the units digit of w?
0
Let z = -105 + 86. Let i(d) = d**3 + 20*d**2 + 18*d - 11. What is the units digit of i(z)?
8
Let a be 1 + -3 - 11/(44/(-24)). Suppose x - 289 = -3*f + 2*x, -a*f + 5*x = -389. What is the tens digit of f?
9
Suppose 3*l - 1559 = -5*d, -31*d - 1254 = -35*d + l. What is the tens digit of d?
1
Suppose -3*y = -2*v - 0*y + 1004, 4*y - 1472 = -3*v. What is the hundreds digit of v?
4
Suppose l - 3328 = -4*x, 0 = 5*l + 6*x - 10*x - 16568. What is the hundreds digit of l?
3
Let c be (18 + -12)*(-5)/(-6). Suppose 0 = c*n + 4*u - 5*u - 410, 5*n - 395 = -2*u. What is the tens digit of n?
8
Suppose -6 - 14 = -5*n. Suppose 5*u + 5*d = 50, -4*u = -7*d + n*d - 12. What is the tens digit of u/(-2)*(-19 - -14)?
1
Let h(d) = 0*d**2 - d**3 + d**2 + d + 0*d**3 + 7. Let w = -1220 + 1220. What is the units digit of h(w)?
7
Suppose 5*a - 4030 = 4*q, a - 1316 + 509 = q. Suppose -4 = -0*h + 2*h, -2*h - a = -3*x. What is the hundreds digit of x?
2
Suppose -10 = -h - 49. Let d = 33 + h. Let k(f) = -f**3 - 6*f**2 - 3*f - 12. What is the units digit of k(d)?
6
Let u(g) = -4*g - 4. Let x(q) = 5*q + 5. Let l(h) = 3*u(h) + 2*x(h). Let o be l(-6). Let z(s) = s**3 - 9*s**2 - 6*s + 13. What is the tens digit of z(o)?
5
What is the thousands digit of (-60)/(-18)*((-14740)/(-25) - 1)?
1
Let u be ((-3)/(-6))/(5/530). Let q = u - 44. What is the units digit of q?
9
Let r = -251 - -264. What is the tens digit of r?
1
Let c = 74 + -46. Let x be (c/(-21))/((-2)/42). Suppose -x + 3 = -i. What is the tens digit of i?
2
Suppose -2187 = -3*o + 3687. What is the units digit of o/18 + 26/117?
9
What is the hundreds digit of 2*(-991)/4*-2?
9
Let m(g) = -5*g**3 + 10*g**2 + 3*g - 3. Let v(c) = 4*c**3 - 9*c**2 - 3*c + 2. Let o(d) = 6*m(d) + 7*v(d). What is the units digit of o(-2)?
6
Let a be -9*(7 + 2)/3. Suppose -224 = -4*v - 0*v. Let k = v + a. What is the units digit of k?
9
Let t(q) = -q + 1. Let g be t(5). Let x(h) = 4*h**2 + 6*h + 4. Let w be x(g). Suppose 0 = -2*j - l + 27, -5*j + j - 4*l = -w. What is the tens digit of j?
1
What is the units digit of 453 + (-2 - 2) - 4?
5
Suppose 5*s = -m - 87, -16 = -m - 3*s - 93. Let o = m - -114. What is the units digit of o?
2
Let t(j) = -j**3 - 14*j**2 - 13*j + 2. Let y be t(-13). Let g be (-229)/11 + y/(-11). Let m = 9 - g. What is the units digit of m?
0
What is the tens digit of (11*1/(-4))/((-20)/19040)?
1
Let u = 71 + -101. What is the hundreds digit of -107*((-3)/(-2))/(u/40)?
2
Let h = 700 - -278. What is the hundreds digit of h?
9
Suppose 0 = -9*l + 344 + 331. Suppose -l = -5*j + 425. What is the tens digit of j?
0
Let c be 4/(-6)*63/(-14). Let u(m) = 6*m + 1. Let r be u(c). Suppose r = 2*i - 19. What is the units digit of i?
9
Let h = 5175 - 3690. What is the units digit of h?
5
Let z(k) = 19*k**3 - k**2 - k + 1. Let x be z(1). Suppose -x = -0*c + 2*c + 5*h, -h - 4 = 0. What is the units digit of c?
1
Suppose 17*t - 18 = 8*t. Suppose 506 = 2*a + a + t*j, -2*j - 502 = -3*a. What is the tens digit of a?
6
Let f = -42 + 44. What is the tens digit of f + 1 + 4 + 412/4?
1
Let b(u) = 1 + 3 - u + 10*u**3 - 3 + 2*u**3. What is the units digit of b(2)?
5
Let a = -34 + 19. Let v = -2 + -6. Let b = v - a. What is the units digit of b?
7
Let x be (-129)/(-15) + (-10)/(-25). Let i = x - 4. Suppose -i*f + 65 = -n, 3*f + 0*f + 2*n = 39. What is the tens digit of f?
1
Suppose -z + 11 = 3*k, 2*z - z = 5*k - 5. Let q = -2 + z. Suppose 0 = -q*p + 33 + 30. What is the units digit of p?
1
Let z be (-2)/(-6)*(2 - -28). Suppose z + 54 = c. Suppose 0 = 2*v - 6 - c. What is the units digit of v?
5
What is the thousands digit of 66980/60 - 5/(-3)?
1
Suppose 5*a - 2*o = 15, 3*o - o = 0. Suppose -678 = a*g - 9*g. What is the hundreds digit of g?
1
Suppose -5*o - 9615 = -4*a, 4*o - 3344 = 3*a - 10555. What is the thousands digit of a?
2
Let k = -9 + 1. What is the hundreds digit of 19/((k/9)/(-8))?
1
Suppose -5*q + 780 = -5*i, 5*q + 0*q = -3*i + 796. Let r = -16 + q. What is the tens digit of r?
4
Suppose -4*h - 4*d + 32 = -0*h, 67 = 4*h - 3*d. Suppose 5*l - h = 2. Suppose l*b - 15 = -2*b. What is the units digit of b?
3
Suppose 87 = 2*g + 25. Suppose 0 = 7*y + 3 - g. What is the units digit of y?
4
Let s be -46*(-1)/(-2)*4. Let b = s - -171. What is the tens digit of b?
7
Suppose 202383 + 140973 = 78*l. What is the hundreds digit of l?
4
What is the hundreds digit of 2 + 425 + 4 + -12 + 9?
4
Let b(n) = -n**2 - 10*n - 12. Let a(l) = -22*l**3 - 2*l**2 - 2*l - 1. Let x be a(-1). Let w = x + -29. What is the units digit of b(w)?
4
Let l be (-148)/(-8) + 2/(-4). What is the units digit of (0 - -7)*l/21?
6
Let z = 3 + -3. Suppose 0 = -2*m + 2*b + 256, -b + 616 = 5*m + 2*b. Suppose 5*f + z - m = 0. What is the units digit of f?
5
Let i = 460 + -231. What is the tens digit of i?
2
Let s(a) = 163*a**3 - 5*a**2 + 2*a + 1. What is the units digit of s(2)?
9
Suppose 41829 = 25*a - 15896. What is the hundreds digit of a?
3
Suppose 3*j - k = k + 5, 5*j - 4*k - 5 = 0. Suppose -j = 3*g - 11. What is the units digit of g?
2
Let p = -44 - -122. Let r = p + -8. What is the units digit of r?
0
What is the hundreds digit of -3 + (-4)/4 + (-852)/(-4)?
2
Let g = 122 + 818. What is the units digit of g?
0
Suppose 54*a + 24444 = 117*a. What is the hundreds digit of a?
3
What is the hundreds digit of (255/1275)/((-1)/(-22865))?
5
Suppose 0 = -2*j + 4*r + 2614, -j = 2*j + 4*r - 3871. What is the units digit of j?
7
Let c = -26 - -30. What is the units digit of 3/c + (-132)/(-16)?
9
Let s = 3 - -78. Let n(k) = 2*k**2 + 65*k + 95. Let w be n(-31). Suppose -3*x + 0*d + s = -d, 46 = 2*x + w*d. What is the tens digit of x?
2
Suppose -11*x + 35 = 2. Suppose a 